it of 1809?
8
What is the units digit of 2491?
1
What is the units digit of 446?
6
What is the thousands digit of 3641?
3
What is the hundreds digit of 28416?
4
What is the units digit of 65973?
3
What is the units digit of 967?
7
What is the hundreds digit of 3466?
4
What is the units digit of 14?
4
What is the units digit of 162?
2
What is the tens digit of 3724?
2
What is the thousands digit of 79203?
9
What is the thousands digit of 16310?
6
What is the tens digit of 9015?
1
What is the hundreds digit of 16802?
8
What is the hundreds digit of 16551?
5
What is the tens digit of 620?
2
What is the hundreds digit of 31168?
1
What is the tens digit of 1791?
9
What is the tens digit of 45355?
5
What is the tens digit of 5897?
9
What is the units digit of 14143?
3
What is the tens digit of 1319?
1
What is the tens digit of 41777?
7
What is the tens digit of 72269?
6
What is the hundreds digit of 14331?
3
What is the units digit of 17250?
0
What is the hundreds digit of 1459?
4
What is the hundred thousands digit of 149923?
1
What is the units digit of 16682?
2
What is the units digit of 6139?
9
What is the units digit of 718?
8
What is the tens digit of 27006?
0
What is the hundreds digit of 43759?
7
What is the thousands digit of 19089?
9
What is the units digit of 2232?
2
What is the tens digit of 15320?
2
What is the units digit of 673?
3
What is the hundreds digit of 16164?
1
What is the hundreds digit of 2319?
3
What is the units digit of 9296?
6
What is the thousands digit of 2166?
2
What is the hundreds digit of 434?
4
What is the units digit of 355?
5
What is the tens digit of 12404?
0
What is the tens digit of 848?
4
What is the thousands digit of 3188?
3
What is the tens digit of 1659?
5
What is the hundreds digit of 6282?
2
What is the hundreds digit of 58933?
9
What is the units digit of 480?
0
What is the tens digit of 860?
6
What is the thousands digit of 12028?
2
What is the thousands digit of 14543?
4
What is the thousands digit of 9971?
9
What is the thousands digit of 3306?
3
What is the hundreds digit of 1827?
8
What is the tens digit of 5428?
2
What is the units digit of 84334?
4
What is the tens digit of 3738?
3
What is the hundreds digit of 462?
4
What is the hundreds digit of 3980?
9
What is the thousands digit of 2230?
2
What is the units digit of 9451?
1
What is the thousands digit of 2140?
2
What is the ten thousands digit of 24305?
2
What is the ten thousands digit of 43888?
4
What is the hundreds digit of 21250?
2
What is the tens digit of 1470?
7
What is the hundreds digit of 3740?
7
What is the hundreds digit of 7441?
4
What is the units digit of 12678?
8
What is the units digit of 774?
4
What is the thousands digit of 10692?
0
What is the hundreds digit of 8257?
2
What is the units digit of 29375?
5
What is the hundreds digit of 1996?
9
What is the ten thousands digit of 12217?
1
What is the hundred thousands digit of 142093?
1
What is the ten thousands digit of 19600?
1
What is the ten thousands digit of 20408?
2
What is the hundred thousands digit of 111594?
1
What is the thousands digit of 14616?
4
What is the thousands digit of 1290?
1
What is the hundreds digit of 1336?
3
What is the hundreds digit of 5407?
4
What is the hundreds digit of 4361?
3
What is the thousands digit of 111084?
1
What is the units digit of 658?
8
What is the tens digit of 524?
2
What is the units digit of 21594?
4
What is the thousands digit of 5092?
5
What is the thousands digit of 1826?
1
What is the tens digit of 762?
6
What is the hundreds digit of 919?
9
What is the units digit of 2329?
9
What is the hundreds digit of 1135?
1
What is the units digit of 18306?
6
What is the hundreds digit of 7192?
1
What is the tens digit of 25948?
4
What is the units digit of 4108?
8
What is the hundreds digit of 45962?
9
What is the units digit of 6386?
6
What is the ten thousands digit of 17290?
1
What is the hundreds digit of 14358?
3
What is the hundreds digit of 1035?
0
What is the hundreds digit of 4293?
2
What is the thousands digit of 4108?
4
What is the hundreds digit of 89600?
6
What is the hundreds digit of 120819?
8
What is the tens digit of 55855?
5
What is the tens digit of 1608?
0
What is the thousands digit of 19767?
9
What is the hundreds digit of 4933?
9
What is the hundreds digit of 670?
6
What is the tens digit of 2481?
8
What is the hundreds digit of 1873?
8
What is the hundreds digit of 1697?
6
What is the tens digit of 7706?
0
What is the hundreds digit of 39039?
0
What is the thousands digit of 9058?
9
What is the thousands digit of 1039?
1
What is the units digit of 21776?
6
What is the hundreds digit of 24591?
5
What is the tens digit of 81729?
2
What is the hundreds digit of 474?
4
What is the thousands digit of 5281?
5
What is the hundreds digit of 6842?
8
What is the units digit of 3436?
6
What is the hundreds digit of 8895?
8
What is the ten thousands digit of 55617?
5
What is the thousands digit of 52539?
2
What is the hundreds digit of 6371?
3
What is the hundreds digit of 5371?
3
What is the thousands digit of 8065?
8
What is the tens digit of 81621?
2
What is the units digit of 7267?
7
What is the thousands digit of 2025?
2
What is the tens digit of 9779?
7
What is the hundreds digit of 9513?
5
What is the hundreds digit of 103?
1
What is the hundreds digit of 8810?
8
What is the hundreds digit of 3699?
6
What is the units digit of 1441?
1
What is the thousands digit of 7352?
7
What is the thousands digit of 19382?
9
What is the units digit of 44?
4
What is the hundreds digit of 1009?
0
What is the ten thousands digit of 12432?
1
What is the tens digit of 2038?
3
What is the thousands digit of 10803?
0
What is the tens digit of 6618?
1
What is the thousands digit of 3528?
3
What is the thousands digit of 101472?
1
What is the tens digit of 20301?
0
What is the tens digit of 124?
2
What is the hundreds digit of 4541?
5
What is the tens digit of 992?
9
What is the tens digit of 2058?
5
What is the hundreds digit of 907?
9
What is the tens digit of 871?
7
What is the thousands digit of 19565?
9
What is the tens digit of 160?
6
What is the units digit of 37522?
2
What is the units digit of 34943?
3
What is the hundreds digit of 4291?
2
What is the units digit of 2067?
7
What is the tens digit of 34016?
1
What is the units digit of 976?
6
What is the units digit of 27184?
4
What is the hundreds digit of 531?
5
What is the hundreds digit of 296?
2
What is the thousands digit of 8569?
8
What is the tens digit of 4510?
1
What is the units digit of 7368?
8
What is the ten thousands digit of 10491?
1
What is the tens digit of 6718?
1
What is the ten thousands digit of 76331?
7
What is the units digit of 59434?
4
What is the hundreds digit of 20451?
4
What is the thousands digit of 87078?
7
What is the tens digit of 1012?
1
What is the tens digit of 29994?
9
What is the tens digit of 41008?
0
What is the hundreds digit of 894?
8
What is the thousands digit of 1245?
1
What is the ten thousands digit of 88436?
8
What is the thousands digit of 1752?
1
What is the thousands digit of 1877?
1
What is the units digit of 714?
4
What is the ten thousands digit of 11855?
1
What is the ten thousands digit of 54402?
5
What is the hundreds digit of 13610?
6
What is the hundreds digit of 2909?
9
What is the thousands digit of 6289?
6
What is the units digit of 52548?
8
What is the hundreds digit of 3386?
3
What is the tens digit of 419?
1
What is the hundreds digit of 545?
5
What is the ten thousands digit of 83633?
8
What is the thousands digit of 169142?
9
What is the thousands digit of 22318?
2
What is the hundreds digit of 15877?
8
What is the units digit of 1306?
6
What is the ten thousands digit of 92586?
9
What is the tens digit of 1145?
4
What is the hundreds digit of 24341?
3
What is the ten thousands digit of 71824?
7
What is the hundred thousands digit of 105796?
1
What is the tens digit of 477?
7
What is the hundreds digit of 11175?
1
What is the thousands digit of 2160?
2
What is the tens digit of 18845?
4
What is the hundreds digit of 73593?
5
What is the hundreds digit of 16854?
8
What is the tens digit of 3521?
2
What is the tens digit of 1495?
9
What is the tens digit of 1042?
4
What is the units digit of 1529?
9
What